{"id":1286,"date":"2018-09-15T21:06:10","date_gmt":"2018-09-15T21:06:10","guid":{"rendered":"http:\/\/veda.polac.cz\/?page_id=1286"},"modified":"2018-11-02T20:43:27","modified_gmt":"2018-11-02T20:43:27","slug":"1-2-7","status":"publish","type":"page","link":"https:\/\/veda.polac.cz\/?page_id=1286","title":{"rendered":""},"content":{"rendered":"<p style=\"text-align: center;\">Resum\u00e9 \u010dl\u00e1nku<\/p>\n<p><strong>Obchodovanie s \u013eu\u010fmi v Slovenskej republike v najviac ohrozenej komunite<\/strong><br \/>\n<i>Ing. Pavel Soukop, plk. Ing. Jozef Hlinka, prof. Ing. Anton Tallo, CSc.<\/i><\/p>\n<p>\u0160t\u00fadia sa zaober\u00e1 anal\u00fdzou v\u00fdsledkov v\u00fdskumu realizovan\u00e9ho k problematike obchodovania s \u013eu\u010fmi v marginalizovanej skupine. Mnoh\u00ed ob\u010dania Slovenskej republiky, predov\u0161etk\u00fdm pr\u00edslu\u0161n\u00edci tejto soci\u00e1lne odk\u00e1zanej skupiny (ob\u010dania z r\u00f3mskej komunity tvoria a\u017e 60 % obet\u00ed obchodovania s \u013eu\u010fmi), sa stali obe\u0165ami obchodovania s \u013eu\u010fmi za \u00fa\u010delom n\u00fatenej pr\u00e1ce. R\u00f4zne praktiky a jednotliv\u00e9 formy obchodovania za \u00fa\u010delom n\u00fatenej pr\u00e1ce s\u00fa obsahom spracovanej \u0161t\u00fadie. Mnoh\u00ed z osloven\u00fdch pr\u00edslu\u0161n\u00edkov komunity alebo ich bl\u00edzki pr\u00edbuzn\u00ed sa stali priamo obe\u0165ami obchodovania s \u013eu\u010fmi za \u00fa\u010delom n\u00fatenej pr\u00e1ce, sexu\u00e1lneho vykoris\u0165ovania, poberania soci\u00e1lnych d\u00e1vok. Mnoh\u00ed malolet\u00ed boli zneu\u017e\u00edvan\u00ed formou n\u00faten\u00e9ho \u017eobrania a kradnutia.<br \/>\n<strong>K\u013e\u00fa\u010dov\u00e9 slov\u00e1:<\/strong>\u00a0obchodovanie s \u013eu\u010fmi, n\u00faten\u00e1 otrock\u00e1 pr\u00e1ca, n\u00faten\u00e1 prostit\u00facia, obchodovanie s de\u0165mi, n\u00faten\u00fd sob\u00e1\u0161, n\u00faten\u00e9 \u017eobranie a kradnutie de\u0165mi, n\u00faten\u00e9 odobratie vn\u00fatorn\u00fdch org\u00e1nov, sexu\u00e1lne vykoris\u0165ovanie.<i><br \/>\n<\/i><\/p>\n<p><a href=\"https:\/\/veda.polac.cz\/?page_id=1271\">03\/2011<\/a><\/p>\n","protected":false},"excerpt":{"rendered":"<p>Resum\u00e9 \u010dl\u00e1nku Obchodovanie s \u013eu\u010fmi v Slovenskej republike v najviac ohrozenej komunite Ing. Pavel Soukop, plk. Ing. Jozef Hlinka, prof. Ing. Anton Tallo, CSc. \u0160t\u00fadia sa zaober\u00e1 anal\u00fdzou v\u00fdsledkov v\u00fdskumu realizovan\u00e9ho k problematike obchodovania s \u013eu\u010fmi v marginalizovanej skupine. Mnoh\u00ed ob\u010dania Slovenskej republiky, predov\u0161etk\u00fdm pr\u00edslu\u0161n\u00edci tejto soci\u00e1lne odk\u00e1zanej skupiny (ob\u010dania z r\u00f3mskej komunity tvoria a\u017e [&hellip;]<\/p>\n","protected":false},"author":2,"featured_media":0,"parent":1271,"menu_order":1,"comment_status":"closed","ping_status":"closed","template":"","meta":{"footnotes":""},"class_list":["post-1286","page","type-page","status-publish","hentry"],"_links":{"self":[{"href":"https:\/\/veda.polac.cz\/index.php?rest_route=\/wp\/v2\/pages\/1286","targetHints":{"allow":["GET"]}}],"collection":[{"href":"https:\/\/veda.polac.cz\/index.php?rest_route=\/wp\/v2\/pages"}],"about":[{"href":"https:\/\/veda.polac.cz\/index.php?rest_route=\/wp\/v2\/types\/page"}],"author":[{"embeddable":true,"href":"https:\/\/veda.polac.cz\/index.php?rest_route=\/wp\/v2\/users\/2"}],"replies":[{"embeddable":true,"href":"https:\/\/veda.polac.cz\/index.php?rest_route=%2Fwp%2Fv2%2Fcomments&post=1286"}],"version-history":[{"count":3,"href":"https:\/\/veda.polac.cz\/index.php?rest_route=\/wp\/v2\/pages\/1286\/revisions"}],"predecessor-version":[{"id":2141,"href":"https:\/\/veda.polac.cz\/index.php?rest_route=\/wp\/v2\/pages\/1286\/revisions\/2141"}],"up":[{"embeddable":true,"href":"https:\/\/veda.polac.cz\/index.php?rest_route=\/wp\/v2\/pages\/1271"}],"wp:attachment":[{"href":"https:\/\/veda.polac.cz\/index.php?rest_route=%2Fwp%2Fv2%2Fmedia&parent=1286"}],"curies":[{"name":"wp","href":"https:\/\/api.w.org\/{rel}","templated":true}]}}