{"id":1264,"date":"2018-09-15T20:55:48","date_gmt":"2018-09-15T20:55:48","guid":{"rendered":"http:\/\/veda.polac.cz\/?page_id=1264"},"modified":"2018-10-27T19:01:54","modified_gmt":"2018-10-27T19:01:54","slug":"11-2","status":"publish","type":"page","link":"https:\/\/veda.polac.cz\/?page_id=1264","title":{"rendered":""},"content":{"rendered":"<p style=\"text-align: center;\">Resum\u00e9 \u010dl\u00e1nku<\/p>\n<p><strong>\u00daloha a \u010dinnost ISAF (International Security Assistance Force)<\/strong><br \/>\n<i>Mgr. Lubo\u0161 Vesel\u00fd<\/p>\n<p><\/i>\u010cl\u00e1nek se zab\u00fdv\u00e1 \u00falohou ISAF (INTERNATIONAL SECURITY ASSISTANCE FORCE) v podpo\u0159e stabilizace a obnovy Isl\u00e1msk\u00e9 republiky Afgh\u00e1nist\u00e1n. Mezin\u00e1-rodn\u00ed s\u00edly pro bezpe\u010dnostn\u00ed pomoc prov\u00e1d\u011bj\u00ed operace za \u00fa\u010delem eliminace povstalectv\u00ed, podporuj\u00ed v\u00fdstavbu a v\u00fdcvik afgh\u00e1nsk\u00fdch bezpe\u010dnostn\u00edch sil, vytv\u00e1\u0159ej\u00ed podm\u00ednky pro v\u00fdkon ve\u0159ejn\u00e9 moci a soci\u00e1ln\u011b ekonomick\u00fd rozvoj. C\u00edlem je vymezit \u00falohu a \u010dinnost ISAF v podpo\u0159e stabilizace a obnovy Afgh\u00e1nist\u00e1nu. \u010cl\u00e1nek je dopln\u011bn historick\u00fdmi a geopolitick\u00fdmi souvislostmi, jako\u017e i souvislostmi opera\u010dn\u00edho prost\u0159ed\u00ed. Pozornost je d\u00e1le v\u011bnov\u00e1na mezin\u00e1rodn\u011b pr\u00e1vn\u00edm aspekt\u016fm mise ISAF. Z\u00e1v\u011br \u010dl\u00e1nku hodnot\u00ed st\u00e1vaj\u00edc\u00ed bezpe\u010dnostn\u00ed situaci v Afgh\u00e1nist\u00e1nu a zva\u017euje mo\u017en\u00e1 v\u00fdchodiska jej\u00edho \u0159e\u0161en\u00ed.<br \/>\n<strong>Kl\u00ed\u010dov\u00e1 slova:<\/strong>\u00a0stabilizace, bezpe\u010dnost, obnova, rozvoj, provin\u010dn\u00ed rekonstruk\u010dn\u00ed t\u00fdm, opera\u010dn\u00ed prost\u0159ed\u00ed, geopolitika<\/p>\n<p><a href=\"https:\/\/veda.polac.cz\/?page_id=1240\">04\/2011<\/a><\/p>\n","protected":false},"excerpt":{"rendered":"<p>Resum\u00e9 \u010dl\u00e1nku \u00daloha a \u010dinnost ISAF (International Security Assistance Force) Mgr. Lubo\u0161 Vesel\u00fd \u010cl\u00e1nek se zab\u00fdv\u00e1 \u00falohou ISAF (INTERNATIONAL SECURITY ASSISTANCE FORCE) v podpo\u0159e stabilizace a obnovy Isl\u00e1msk\u00e9 republiky Afgh\u00e1nist\u00e1n. Mezin\u00e1-rodn\u00ed s\u00edly pro bezpe\u010dnostn\u00ed pomoc prov\u00e1d\u011bj\u00ed operace za \u00fa\u010delem eliminace povstalectv\u00ed, podporuj\u00ed v\u00fdstavbu a v\u00fdcvik afgh\u00e1nsk\u00fdch bezpe\u010dnostn\u00edch sil, vytv\u00e1\u0159ej\u00ed podm\u00ednky pro v\u00fdkon ve\u0159ejn\u00e9 moci a [&hellip;]<\/p>\n","protected":false},"author":2,"featured_media":0,"parent":1240,"menu_order":11,"comment_status":"closed","ping_status":"closed","template":"","meta":{"footnotes":""},"class_list":["post-1264","page","type-page","status-publish","hentry"],"_links":{"self":[{"href":"https:\/\/veda.polac.cz\/index.php?rest_route=\/wp\/v2\/pages\/1264","targetHints":{"allow":["GET"]}}],"collection":[{"href":"https:\/\/veda.polac.cz\/index.php?rest_route=\/wp\/v2\/pages"}],"about":[{"href":"https:\/\/veda.polac.cz\/index.php?rest_route=\/wp\/v2\/types\/page"}],"author":[{"embeddable":true,"href":"https:\/\/veda.polac.cz\/index.php?rest_route=\/wp\/v2\/users\/2"}],"replies":[{"embeddable":true,"href":"https:\/\/veda.polac.cz\/index.php?rest_route=%2Fwp%2Fv2%2Fcomments&post=1264"}],"version-history":[{"count":2,"href":"https:\/\/veda.polac.cz\/index.php?rest_route=\/wp\/v2\/pages\/1264\/revisions"}],"predecessor-version":[{"id":1284,"href":"https:\/\/veda.polac.cz\/index.php?rest_route=\/wp\/v2\/pages\/1264\/revisions\/1284"}],"up":[{"embeddable":true,"href":"https:\/\/veda.polac.cz\/index.php?rest_route=\/wp\/v2\/pages\/1240"}],"wp:attachment":[{"href":"https:\/\/veda.polac.cz\/index.php?rest_route=%2Fwp%2Fv2%2Fmedia&parent=1264"}],"curies":[{"name":"wp","href":"https:\/\/api.w.org\/{rel}","templated":true}]}}