{"id":1262,"date":"2018-09-15T20:54:49","date_gmt":"2018-09-15T20:54:49","guid":{"rendered":"http:\/\/veda.polac.cz\/?page_id=1262"},"modified":"2018-10-27T19:01:54","modified_gmt":"2018-10-27T19:01:54","slug":"10-2","status":"publish","type":"page","link":"https:\/\/veda.polac.cz\/?page_id=1262","title":{"rendered":""},"content":{"rendered":"<p style=\"text-align: center;\">Resum\u00e9 \u010dl\u00e1nku<\/p>\n<p>\u0160<strong>\u00edlen\u00ed st\u0159elci: uveden\u00ed do problematiky<\/strong><br \/>\n<i>PhDr. Josef Smol\u00edk, Ph.D.<\/p>\n<p><\/i>Tento teoretick\u00fd p\u0159\u00edsp\u011bvek p\u0159edstavil fenom\u00e9n &#8222;\u0161\u00edlen\u00fdch st\u0159elc\u016f&#8220;, sumarizoval vybran\u00e9 okruhy vztahuj\u00edc\u00ed se k t\u00e9to problematice. Text tak\u00e9 p\u0159edstavil z\u00e1kladn\u00ed definice, pojmy a koncepty (&#8222;sign\u00e1ln\u00ed zlo\u010din&#8220;, teorie mor\u00e1ln\u00ed paniky). Rovn\u011b\u017e byly zm\u00edn\u011bny n\u011bkter\u00e9 kriminologick\u00e9 teorie, limity p\u0159\u00edpadn\u00fdch v\u00fdzkum\u016f t\u00e9to problematiky a mo\u017en\u00fd vztah mezi p\u0159\u00edpady &#8222;\u0161\u00edlen\u00e9 st\u0159elby&#8220; a m\u00e9dii (nap\u0159. po\u010d\u00edta\u010dov\u00fdmi hrami). Na z\u00e1v\u011br byly velice stru\u010dn\u011b pops\u00e1ny 4 p\u0159\u00edpady &#8222;\u0161\u00edlen\u00e9 st\u0159elby&#8220;, kter\u00e9 ilustrovaly skute\u010dnost, \u017ee jednotliv\u00ed pachatel\u00e9 m\u011bli zcela rozd\u00edln\u00e9 motivy, psychick\u00e9 vlastnosti, ale i rozd\u00edln\u00fd p\u0159\u00edstup ke zbran\u00edm a st\u0159elivu.<br \/>\n<strong>Kl\u00ed\u010dov\u00e1 slova:<\/strong>\u00a0\u0161\u00edlen\u00ed st\u0159elci, zbran\u011b, n\u00e1sil\u00ed, kriminologick\u00e9 teorie, masov\u00e1 vra\u017eda.<\/p>\n<p><a href=\"https:\/\/veda.polac.cz\/?page_id=1240\">04\/2011<\/a><\/p>\n","protected":false},"excerpt":{"rendered":"<p>Resum\u00e9 \u010dl\u00e1nku \u0160\u00edlen\u00ed st\u0159elci: uveden\u00ed do problematiky PhDr. Josef Smol\u00edk, Ph.D. Tento teoretick\u00fd p\u0159\u00edsp\u011bvek p\u0159edstavil fenom\u00e9n &#8222;\u0161\u00edlen\u00fdch st\u0159elc\u016f&#8220;, sumarizoval vybran\u00e9 okruhy vztahuj\u00edc\u00ed se k t\u00e9to problematice. Text tak\u00e9 p\u0159edstavil z\u00e1kladn\u00ed definice, pojmy a koncepty (&#8222;sign\u00e1ln\u00ed zlo\u010din&#8220;, teorie mor\u00e1ln\u00ed paniky). Rovn\u011b\u017e byly zm\u00edn\u011bny n\u011bkter\u00e9 kriminologick\u00e9 teorie, limity p\u0159\u00edpadn\u00fdch v\u00fdzkum\u016f t\u00e9to problematiky a mo\u017en\u00fd vztah mezi p\u0159\u00edpady [&hellip;]<\/p>\n","protected":false},"author":2,"featured_media":0,"parent":1240,"menu_order":10,"comment_status":"closed","ping_status":"closed","template":"","meta":{"footnotes":""},"class_list":["post-1262","page","type-page","status-publish","hentry"],"_links":{"self":[{"href":"https:\/\/veda.polac.cz\/index.php?rest_route=\/wp\/v2\/pages\/1262","targetHints":{"allow":["GET"]}}],"collection":[{"href":"https:\/\/veda.polac.cz\/index.php?rest_route=\/wp\/v2\/pages"}],"about":[{"href":"https:\/\/veda.polac.cz\/index.php?rest_route=\/wp\/v2\/types\/page"}],"author":[{"embeddable":true,"href":"https:\/\/veda.polac.cz\/index.php?rest_route=\/wp\/v2\/users\/2"}],"replies":[{"embeddable":true,"href":"https:\/\/veda.polac.cz\/index.php?rest_route=%2Fwp%2Fv2%2Fcomments&post=1262"}],"version-history":[{"count":2,"href":"https:\/\/veda.polac.cz\/index.php?rest_route=\/wp\/v2\/pages\/1262\/revisions"}],"predecessor-version":[{"id":1283,"href":"https:\/\/veda.polac.cz\/index.php?rest_route=\/wp\/v2\/pages\/1262\/revisions\/1283"}],"up":[{"embeddable":true,"href":"https:\/\/veda.polac.cz\/index.php?rest_route=\/wp\/v2\/pages\/1240"}],"wp:attachment":[{"href":"https:\/\/veda.polac.cz\/index.php?rest_route=%2Fwp%2Fv2%2Fmedia&parent=1262"}],"curies":[{"name":"wp","href":"https:\/\/api.w.org\/{rel}","templated":true}]}}