{"id":1254,"date":"2018-09-15T20:50:50","date_gmt":"2018-09-15T20:50:50","guid":{"rendered":"http:\/\/veda.polac.cz\/?page_id=1254"},"modified":"2018-10-27T18:59:25","modified_gmt":"2018-10-27T18:59:25","slug":"6-2-5","status":"publish","type":"page","link":"https:\/\/veda.polac.cz\/?page_id=1254","title":{"rendered":""},"content":{"rendered":"<p style=\"text-align: center;\">Resum\u00e9 \u010dl\u00e1nku<\/p>\n<p><strong>In\u0161tit\u00faty do\u010dasn\u00e9ho zaistenia a konfi\u0161k\u00e1cia v\u00fdnosov z trestnej \u010dinnosti v boji proti legaliz\u00e1cii pr\u00edjmov z trestnej \u010dinnosti v Rusku<\/strong><br \/>\n<i>Mgr. Olga Busarova<\/p>\n<p><\/i>Rusk\u00e1 Feder\u00e1cia je v dne\u0161nej dobe dynamicky sa rozv\u00edjaj\u00faci \u0161t\u00e1t, ktor\u00fd sa akt\u00edvne zaober\u00e1 bojom proti organizovan\u00e9mu zlo\u010dinu, legaliz\u00e1cii pr\u00edjmov, poch\u00e1dzaj\u00facich z trestnej \u010dinnosti a terorizmom. Aby sa dala pos\u00fadi\u0165 efekt\u00edvnos\u0165 dan\u00e9ho boja, je potrebn\u00e9 pos\u00fadi\u0165 sp\u00f4soby, ktor\u00e9 sa na dan\u00fd boj pou\u017e\u00edvaj\u00fa, konkr\u00e9tne v \u010dasti zaistenia v\u00fdnosov z trestnej \u010dinnosti.<br \/>\n<strong>K\u013e\u00fa\u010dov\u00e9 slov\u00e1:\u00a0<\/strong>Zadr\u017eanie, zaistenie, arest (zabavenie), konfi\u0161k\u00e1cia.<\/p>\n<p><a href=\"https:\/\/veda.polac.cz\/?page_id=1240\">04\/2011<\/a><\/p>\n","protected":false},"excerpt":{"rendered":"<p>Resum\u00e9 \u010dl\u00e1nku In\u0161tit\u00faty do\u010dasn\u00e9ho zaistenia a konfi\u0161k\u00e1cia v\u00fdnosov z trestnej \u010dinnosti v boji proti legaliz\u00e1cii pr\u00edjmov z trestnej \u010dinnosti v Rusku Mgr. Olga Busarova Rusk\u00e1 Feder\u00e1cia je v dne\u0161nej dobe dynamicky sa rozv\u00edjaj\u00faci \u0161t\u00e1t, ktor\u00fd sa akt\u00edvne zaober\u00e1 bojom proti organizovan\u00e9mu zlo\u010dinu, legaliz\u00e1cii pr\u00edjmov, poch\u00e1dzaj\u00facich z trestnej \u010dinnosti a terorizmom. Aby sa dala pos\u00fadi\u0165 efekt\u00edvnos\u0165 [&hellip;]<\/p>\n","protected":false},"author":2,"featured_media":0,"parent":0,"menu_order":6,"comment_status":"closed","ping_status":"closed","template":"","meta":{"footnotes":""},"class_list":["post-1254","page","type-page","status-publish","hentry"],"_links":{"self":[{"href":"https:\/\/veda.polac.cz\/index.php?rest_route=\/wp\/v2\/pages\/1254","targetHints":{"allow":["GET"]}}],"collection":[{"href":"https:\/\/veda.polac.cz\/index.php?rest_route=\/wp\/v2\/pages"}],"about":[{"href":"https:\/\/veda.polac.cz\/index.php?rest_route=\/wp\/v2\/types\/page"}],"author":[{"embeddable":true,"href":"https:\/\/veda.polac.cz\/index.php?rest_route=\/wp\/v2\/users\/2"}],"replies":[{"embeddable":true,"href":"https:\/\/veda.polac.cz\/index.php?rest_route=%2Fwp%2Fv2%2Fcomments&post=1254"}],"version-history":[{"count":2,"href":"https:\/\/veda.polac.cz\/index.php?rest_route=\/wp\/v2\/pages\/1254\/revisions"}],"predecessor-version":[{"id":1279,"href":"https:\/\/veda.polac.cz\/index.php?rest_route=\/wp\/v2\/pages\/1254\/revisions\/1279"}],"wp:attachment":[{"href":"https:\/\/veda.polac.cz\/index.php?rest_route=%2Fwp%2Fv2%2Fmedia&parent=1254"}],"curies":[{"name":"wp","href":"https:\/\/api.w.org\/{rel}","templated":true}]}}