{"id":1229,"date":"2018-09-14T01:43:18","date_gmt":"2018-09-14T01:43:18","guid":{"rendered":"http:\/\/veda.polac.cz\/?page_id=1229"},"modified":"2019-04-18T10:42:40","modified_gmt":"2019-04-18T10:42:40","slug":"zvlastni-cislo-2012","status":"publish","type":"page","link":"https:\/\/veda.polac.cz\/?page_id=1229","title":{"rendered":"Zvl\u00e1\u0161tn\u00ed \u010d\u00edslo 2012"},"content":{"rendered":"<p><em><strong>1. d\u00edl<\/strong><\/em><br \/>\nP\u0159edmluva<\/p>\n<p><strong>Integrovan\u00fd \u00fakol 1<\/strong><br \/>\n<strong>Kriminalistika a forenzn\u00ed v\u011bdy<\/strong><br \/>\nodpov\u011bdn\u00fd \u0159e\u0161itel: prof. PhDr. Ji\u0159\u00ed Straus, DrSc.<\/p>\n<p><strong>Biomechanick\u00e1 anal\u00fdza dynamick\u00e9ho zat\u00ed\u017een\u00ed hlavy p\u0159i r\u016fzn\u00fdch typech \u00fader\u016f\u00a0<\/strong><br \/>\nprof. PhDr. Ji\u0159\u00ed Straus, DrSc., Mgr. Lucie Filipensk\u00e1<\/p>\n<p><strong>P\u0159\u00edsp\u011bvek k identifikaci osoby podle frekvence ch\u016fze <\/strong><br \/>\nprof. PhDr. Ji\u0159\u00ed Straus, DrSc., doc. Ing. Ji\u0159\u00ed Jon\u00e1k, Ph.D.<\/p>\n<p><strong>Krit\u00e9ria zran\u011bn\u00ed \u010dlov\u011bka p\u0159i extr\u00e9mn\u00edm dynamick\u00e9m zat\u011b\u017eov\u00e1n\u00ed organismu <\/strong><br \/>\nprof. PhDr. Ji\u0159\u00ed Straus, DrSc.<\/p>\n<p><strong>Dom\u00e1c\u00ed n\u00e1sil\u00ed na seniorech <\/strong><br \/>\ndoc. PhDr. Ludmila \u010c\u00edrtkov\u00e1, CSc.<\/p>\n<p><strong>Psycholingvistick\u00e9 profilov\u00e1n\u00ed p\u0159\u00edpadu s\u00e9rie v\u00fdhr\u016f\u017en\u00fdch anonymn\u00edch dopis\u016f <\/strong><br \/>\nV\u00e1clava Musilov\u00e1, PhDr. Jitka Vesel\u00e1, Ph.D.<\/p>\n<p><strong>Pou\u017e\u00edv\u00e1n\u00ed technik neutralizace pachateli <\/strong><br \/>\nPhDr. Marcela Moulisov\u00e1, Ph.D.<\/p>\n<p><strong>V\u00fdzkum pachatel\u016f podle druh\u016f trestn\u00fdch \u010din\u016f <\/strong><br \/>\ndoc. JUDr. Ivana Zoubkov\u00e1, CSc.<\/p>\n<p><strong>N\u011bkter\u00e9 nov\u00e9 poznatky vypl\u00fdvaj\u00edc\u00ed z \u0159e\u0161en\u00ed v\u00fdzkumn\u00e9ho \u00fakolu: &#8222;P\u0159esnost a spr\u00e1vnost zji\u0161\u0165ov\u00e1n\u00ed n\u00edzk\u00fdch koncentrac\u00ed etylalkoholu ve vydechovan\u00e9m\u00a0vzduchu \u010dlov\u011bka&#8220;.<\/strong><br \/>\ndoc. Ing. Jaroslav Such\u00e1nek, CSc.<\/p>\n<hr \/>\n<p><strong>Integrovan\u00fd \u00fakol 2<\/strong><br \/>\n<strong>Bezpe\u010dnostn\u00ed management a krizov\u00e9 \u0159\u00edzen\u00ed\u00a0<\/strong><br \/>\nodpov\u011bdn\u00fd \u0159e\u0161itel: prof. Ing. Bed\u0159ich \u0160est\u00e1k, DrSc.<\/p>\n<p><strong>Komparace vybran\u00fdch aspekt\u016f pr\u00e1vn\u00ed \u00fapravy shroma\u017e\u010fov\u00e1n\u00ed v \u010cesk\u00e9 republice a ve Spolkov\u00e9 republice N\u011bmecko <\/strong><br \/>\nMgr. Lenka Burdov\u00e1, Mgr. Alena Kro\u010dov\u00e1<\/p>\n<p><strong>Pr\u00e1vn\u00ed n\u00e1stroje k regulaci pochod\u016f a demonstrac\u00ed &#8222;extremist\u016f&#8220; na m\u00edstech ve\u0159ejn\u011b p\u0159\u00edstupn\u00fdch <\/strong><br \/>\nMgr. Lenka Burdov\u00e1<\/p>\n<p><strong>Komunikace s ve\u0159ejnost\u00ed v mimo\u0159\u00e1dn\u00fdch situac\u00edch s d\u016frazem na sociogenn\u00ed mimo\u0159\u00e1dn\u00e9 ud\u00e1losti <\/strong><br \/>\nMgr. Old\u0159ich Krul\u00edk, Ph.D.<\/p>\n<p><strong>Stav ropn\u00e9 nouze a souvisej\u00edc\u00ed trestn\u00e1 \u010dinnost <\/strong><br \/>\nMgr. Luk\u00e1\u0161 Harazin, JUDr. Ji\u0159\u00ed Hru\u0161ka<\/p>\n<p><strong>Identifikace a charakteristika vybran\u00fdch negativn\u00edch soci\u00e1ln\u00edch jev\u016f jako potenci\u00e1ln\u00edch hrozeb <\/strong><br \/>\nDr. Bc. J\u00e1n \u0160ug\u00e1r, CSc.<\/p>\n<p><strong>Vojensk\u00e1 a policejn\u00ed anga\u017eovanost \u010cR mimo teritorium st\u00e1tu v podm\u00ednk\u00e1ch sou\u010dasn\u00e9 krize mezin\u00e1rodn\u00edch vztah\u016f <\/strong><br \/>\ndoc. JUDr. Vladim\u00edr Zoubek, CSc.<\/p>\n<p><strong>Kointegrace \u010dtvrtletn\u00edch \u010dasov\u00fdch \u0159ad kr\u00e1de\u017e\u00ed vloup\u00e1n\u00edm a registrovan\u00e9 nezam\u011bstnanosti v \u010cesk\u00e9 republice <\/strong><br \/>\nDr. Zden\u011bk Kova\u0159\u00edk, CSc.<\/p>\n<hr \/>\n<p><em><strong>2 d\u00edl<\/strong><\/em><\/p>\n<p><strong>Integrovan\u00fd \u00fakol 3<\/strong><br \/>\n<strong>Anal\u00fdza a predikce vybran\u00e9 aktu\u00e1ln\u00ed policejn\u011b bezpe\u010dnostn\u00ed problematiky\u00a0<\/strong><br \/>\nodpov\u011bdn\u00e1 \u0159e\u0161itelka: doc. JUDr. Ivana Zoubkov\u00e1, CSc.<\/p>\n<p><strong>Anal\u00fdza pr\u00e1vn\u00ed oblasti p\u0159estupk\u016f v silni\u010dn\u00ed doprav\u011b <\/strong><br \/>\nMgr. Jind\u0159ich Kom\u00e1rek<\/p>\n<p><strong>Vliv alkoholu a distrakce na reak\u010dn\u00ed \u010das \u010dlov\u011bka <\/strong><br \/>\nprof. PhDr. Ji\u0159\u00ed Straus, DrSc., Mgr. Filip Danko<\/p>\n<p><strong>Pr\u00fcmsk\u00e1 dohoda a Pr\u00fcmsk\u00e1 rozhodnut\u00ed &#8211; nov\u00fd mezin\u00e1rodn\u00ed syst\u00e9m v\u00fdm\u011bny\u00a0<\/strong><strong>dat v daktyloskopii <\/strong><br \/>\nprof. PhDr. Ji\u0159\u00ed Straus, DrSc., pplk. Mgr. Jan Bure\u0161 Ph.D, por. Bc Dagmar Slobodzianov\u00e1<\/p>\n<p><strong>Hodnotov\u00e9 orientace ml\u00e1de\u017ee v kontextu kriminologick\u00e9ho v\u00fdzkumu <\/strong><br \/>\nrada pplk. PhDr. JUDr. Jana Firstov\u00e1, Dr. Zden\u011bk Kova\u0159\u00edk, CSc.<\/p>\n<p><strong>Rozbor relevantn\u00edch analyticko-koncep\u010dn\u00edch dokument\u016f v oblasti testu integrity\u00a0<\/strong><strong>v \u010cR<\/strong><br \/>\npplk. JUDr. Josef Hrudka, JUDr. Benedikt Vangeli<\/p>\n<p><strong>Sou\u010dasn\u00fd stav \u0159e\u0161en\u00ed v\u011bdeckov\u00fdzkumn\u00e9ho \u00fakolu Metodika prevence, odhalov\u00e1n\u00ed a dokumentace trestn\u00e9 \u010dinnosti s extremistick\u00fdm podtextem\u00a0<\/strong><br \/>\ndoc. PhDr. Marian Brzybohat\u00fd, Ph.D.<\/p>\n<p><strong>Technick\u00e9 prost\u0159edky a jejich vyu\u017eit\u00ed p\u0159i odhalov\u00e1n\u00ed trestn\u00e9 \u010dinnosti s extremistick\u00fdm podtextem<\/strong><br \/>\nIng. Zden\u011bk \u0160venda<\/p>\n<p><strong>Hlasov\u00e1 identifikace ve forenzn\u00ed praxi <\/strong><br \/>\nIng. Zden\u011bk \u0160venda<\/p>\n<p><strong>Mo\u017enosti olfaktorick\u00e9 detekce nitromethanu ve sm\u011bsi se zcitlivovadly <\/strong><br \/>\nIng. Ludv\u00edk Pinc, Ing. Robert Maty\u00e1\u0161, Ph.D., Ing. Ji\u0159\u00ed Pachm\u00e1\u0148, Ph.D., Ing. Jakub \u0160ele\u0161ovsk\u00fd, Ph.D., JUDr. Martin Kloubek, Ph.D.<\/p>\n<p><strong>Schopnost ps\u016f identifikovat lidsk\u00fd pach pot\u00e9, co byl vystaven p\u016fsoben\u00ed proud\u00edc\u00ed vody <\/strong><br \/>\nIng. Milena Santariov\u00e1, Bc. Andrea P\u00edsa\u0159\u00edkov\u00e1, JUDr. Martin Kloubek Ph.D. Ing. Petra Vyplelov\u00e1, Ing. Ludv\u00edk Pinc<\/p>\n<p><strong>V\u011bda trestn\u00edho pr\u00e1va a trestn\u00ed pr\u00e1vo ml\u00e1de\u017ee <\/strong><br \/>\nJUDr. Milan \u0160ubrt, Ph.D.<\/p>\n<p><strong>Hrub\u00e1 nedbalost a trestn\u00e9 \u010diny v doprav\u011b na pozemn\u00edch komunikac\u00edch <\/strong><br \/>\nJUDr. Miroslav Polcar, Ph.D.<\/p>\n<p><strong>Rostlinn\u00e9 drogy a mladistv\u00ed <\/strong><br \/>\npplk. JUDr. Ji\u0159\u00ed Hru\u0161ka<\/p>\n<p><strong>Zpr\u00e1va o pr\u016fb\u011bhu v\u00fdzkumn\u00e9ho \u00fakolu \u010d. 3\/10 &#8222;Mo\u017enosti zdokonalov\u00e1n\u00ed st\u0159eleck\u00e9 p\u0159\u00edpravy&#8220;, jeho charakter a z\u00e1kladn\u00ed probl\u00e9my. <\/strong><br \/>\nplk. Mgr. Karel Kadlec, Ph.D.<\/p>\n<hr \/>\n<p><strong>Integrovan\u00fd \u00fakol 4<\/strong><br \/>\n<strong>Anal\u00fdza a predikce vybran\u00e9 aktu\u00e1ln\u00ed policejn\u011b bezpe\u010dnostn\u00ed problematiky<\/strong><br \/>\nodpov\u011bdn\u00e1 \u0159e\u0161itelka: doc. PhDr. Ludmila \u010c\u00edrtkov\u00e1, CSc.<\/p>\n<p><strong>Etablov\u00e1n\u00ed a \u00fasp\u011bchy krajn\u00ed pravice v Evrop\u011b a N\u00e1rodn\u00ed fronty ve Francii a z\u00e1kladn\u00ed probl\u00e9my za rok 2011 <\/strong><br \/>\nMgr. \u0160t\u011bp\u00e1n Strnad, doc. Dr. Ing. \u0160tefan Danics, Ph.D.<\/p>\n<p><strong>Co je to rasismus? <\/strong><br \/>\nMgr. Tom\u00e1\u0161 Kam\u00edn<\/p>\n<p><strong>Jak d\u011blat profesn\u00ed policejn\u00ed etiku aneb o neposlu\u0161nosti a hrdinstv\u00ed jako kl\u00ed\u010dov\u00fdch aspekt\u016f mor\u00e1ln\u00edho jedn\u00e1n\u00ed <\/strong><br \/>\nPhDr. Mgr. David Kr\u00e1msk\u00fd, Ph.D.<\/p>\n<p><strong>Profesn\u00ed mor\u00e1lka nebo profesn\u00ed etika? <\/strong><strong>(Pokus o problematizaci &#8222;samoz\u0159ejm\u00fdch&#8220; pojm\u016f)<\/strong><br \/>\nPhDr. Petr Nesvadba, CSc.<\/p>\n<p><strong>Zpr\u00e1va o pr\u016fb\u011bhu Integrovan\u00e9ho v\u00fdzkumn\u00e9ho \u00fakolu 4\/3 Syst\u00e9m \u0159\u00edzen\u00ed st\u00e1tn\u00edch organizac\u00ed, jeho charakter a z\u00e1kladn\u00ed probl\u00e9my za rok 2012 <\/strong><br \/>\nPhDr. Petr Jedin\u00e1k, Ph.D.<\/p>\n<p><strong>Vymezen\u00ed koncepce dobr\u00e9 spr\u00e1vy v kontextu mezin\u00e1rodn\u00edch a n\u00e1rodn\u00edch dokument\u016f <\/strong><br \/>\ndoc. JUDr. Eva Horzinkov\u00e1, Ph.D., JUDr. Zden\u011bk Fiala<\/p>\n<p><strong>N\u00e1stin geneze pr\u00e1vn\u00ed \u00fapravy zkr\u00e1cen\u00fdch \u0159\u00edzen\u00ed p\u0159estupkov\u00fdch <\/strong><br \/>\nJUDr. Zden\u011bk Fiala, JUDr. Lidya Ottov\u00e1<\/p>\n<p><strong>Z\u00e1kladn\u00ed principy dobr\u00e9 spr\u00e1vy <\/strong><br \/>\nJUDr. Zden\u011bk Fiala<\/p>\n<p><strong>Moderov\u00e1n\u00ed jazykov\u00fdch test\u016f jako integr\u00e1ln\u00ed sou\u010d\u00e1st tvorby jazykov\u00fdch test\u016f <\/strong><br \/>\nPhDr. Vladim\u00edra Zav\u00e1zalov\u00e1<\/p>\n<hr \/>\n<p><a href=\"https:\/\/veda.polac.cz\/?page_id=1231\">Resum\u00e9 zvl\u00e1\u0161tn\u00edho \u010d\u00edsla 2012<\/a><\/p>\n<p><a href=\"https:\/\/veda.polac.cz\/?page_id=235\">Zp\u011bt<\/a><\/p>\n","protected":false},"excerpt":{"rendered":"<p>1. d\u00edl P\u0159edmluva Integrovan\u00fd \u00fakol 1 Kriminalistika a forenzn\u00ed v\u011bdy odpov\u011bdn\u00fd \u0159e\u0161itel: prof. PhDr. Ji\u0159\u00ed Straus, DrSc. Biomechanick\u00e1 anal\u00fdza dynamick\u00e9ho zat\u00ed\u017een\u00ed hlavy p\u0159i r\u016fzn\u00fdch typech \u00fader\u016f\u00a0 prof. PhDr. Ji\u0159\u00ed Straus, DrSc., Mgr. Lucie Filipensk\u00e1 P\u0159\u00edsp\u011bvek k identifikaci osoby podle frekvence ch\u016fze prof. PhDr. Ji\u0159\u00ed Straus, DrSc., doc. Ing. Ji\u0159\u00ed Jon\u00e1k, Ph.D. Krit\u00e9ria zran\u011bn\u00ed \u010dlov\u011bka p\u0159i [&hellip;]<\/p>\n","protected":false},"author":2,"featured_media":0,"parent":235,"menu_order":21,"comment_status":"closed","ping_status":"closed","template":"","meta":{"footnotes":""},"class_list":["post-1229","page","type-page","status-publish","hentry"],"_links":{"self":[{"href":"https:\/\/veda.polac.cz\/index.php?rest_route=\/wp\/v2\/pages\/1229","targetHints":{"allow":["GET"]}}],"collection":[{"href":"https:\/\/veda.polac.cz\/index.php?rest_route=\/wp\/v2\/pages"}],"about":[{"href":"https:\/\/veda.polac.cz\/index.php?rest_route=\/wp\/v2\/types\/page"}],"author":[{"embeddable":true,"href":"https:\/\/veda.polac.cz\/index.php?rest_route=\/wp\/v2\/users\/2"}],"replies":[{"embeddable":true,"href":"https:\/\/veda.polac.cz\/index.php?rest_route=%2Fwp%2Fv2%2Fcomments&post=1229"}],"version-history":[{"count":5,"href":"https:\/\/veda.polac.cz\/index.php?rest_route=\/wp\/v2\/pages\/1229\/revisions"}],"predecessor-version":[{"id":2624,"href":"https:\/\/veda.polac.cz\/index.php?rest_route=\/wp\/v2\/pages\/1229\/revisions\/2624"}],"up":[{"embeddable":true,"href":"https:\/\/veda.polac.cz\/index.php?rest_route=\/wp\/v2\/pages\/235"}],"wp:attachment":[{"href":"https:\/\/veda.polac.cz\/index.php?rest_route=%2Fwp%2Fv2%2Fmedia&parent=1229"}],"curies":[{"name":"wp","href":"https:\/\/api.w.org\/{rel}","templated":true}]}}