{"id":120,"date":"2018-08-28T04:25:02","date_gmt":"2018-08-28T04:25:02","guid":{"rendered":"http:\/\/veda.polac.cz\/?page_id=120"},"modified":"2020-02-04T14:25:22","modified_gmt":"2020-02-04T14:25:22","slug":"01-2017","status":"publish","type":"page","link":"https:\/\/veda.polac.cz\/?page_id=120","title":{"rendered":"01\/2017"},"content":{"rendered":"<h1><\/h1>\n<p><a href=\"https:\/\/veda.polac.cz\/?page_id=372\"><strong>Euro 2016 z perspektivy sportovn\u00edch mega-ud\u00e1lost\u00ed: Iluz\u00ed bezpe\u010dnosti a z\u00e1bavy proti terorist\u016fm?\u00a0<\/strong><\/a><br \/>\nMgr. Vendula Divi\u0161ov\u00e1, Masarykova Univerzita, Brno, Fakulta soci\u00e1ln\u00edch studi\u00ed<\/p>\n<p><a href=\"https:\/\/veda.polac.cz\/wp-content\/uploads\/2018\/11\/012017Euro-2016-z-perspektivy-sportovn\u00edch-mega-ud\u00e1lost\u00ed-Iluz\u00ed-bezpe\u010dnosti-a-z\u00e1bavy-proti-terorist\u016fm.pdf\" target=\"_blank\" rel=\"noopener noreferrer\">Pdf form\u00e1t<\/a><\/p>\n<hr \/>\n<p><a href=\"https:\/\/veda.polac.cz\/?page_id=374\"><strong>Soci\u00e1ln\u00ed profil azylant\u016f a \u017eadatel\u016f o mezin\u00e1rodn\u00ed ochranu v \u010cesk\u00e9 republice\u00a0<\/strong><\/a><br \/>\nMgr. \u0160t\u011bp\u00e1n Strnad, PhD., Fakulta bezpe\u010dnostn\u00edho managementu PA \u010cR v Praze Katedra spole\u010densk\u00fdch v\u011bd<\/p>\n<p><a href=\"https:\/\/veda.polac.cz\/wp-content\/uploads\/2018\/11\/012017Soci\u00e1ln\u00ed-profil-azylant\u016f-a-\u017eadatel\u016f-o-mezin\u00e1rodn\u00ed-ochranu-v-\u010cesk\u00e9-republice.pdf\" target=\"_blank\" rel=\"noopener noreferrer\">Pdf form\u00e1t<\/a><\/p>\n<hr \/>\n<p><a href=\"https:\/\/veda.polac.cz\/?page_id=377\"><strong>Syndrom vyho\u0159en\u00ed u oper\u00e1tor\u016f Telefonn\u00edho centra t\u00eds\u0148ov\u00e9ho vol\u00e1n\u00ed 112 (TCTV)\u00a0<\/strong><\/a><br \/>\nPhDr. Jitka Vesel\u00e1, Ph.D., Mgr. Helena Buchtov\u00e1 Li\u0161kov\u00e1, Fakulta bezpe\u010dnostn\u00edho managementu PA \u010cR v Praze, Katedra spole\u010densk\u00fdch v\u011bd<\/p>\n<p><a href=\"https:\/\/veda.polac.cz\/wp-content\/uploads\/2018\/11\/012017Syndrom-vyho\u0159en\u00ed-u-oper\u00e1tor\u016f-Telefonn\u00edho-centra-t\u00eds\u0148ov\u00e9ho-vol\u00e1n\u00ed-112-TCTV.pdf\" target=\"_blank\" rel=\"noopener noreferrer\">Pdf form\u00e1t<\/a><\/p>\n<hr \/>\n<p><a href=\"https:\/\/veda.polac.cz\/?page_id=379\"><strong>D\u016fsledky nejv\u011bt\u0161\u00edch jadern\u00fdch hav\u00e1ri\u00ed: \u010cernobyl vs. Fuku\u0161ima\u00a0<\/strong><\/a><br \/>\ndoc. Ing. Jozef Sabol, DrSc., prof. Ing. Bed\u0159ich \u0160est\u00e1k, DrSc.<br \/>\nFakulta bezpe\u010dnostn\u00edho managementu PA \u010cR v Praze, Katedra krizov\u00e9ho \u0159\u00edzen\u00ed<\/p>\n<p><a href=\"https:\/\/veda.polac.cz\/wp-content\/uploads\/2018\/11\/012017D\u016fsledky-nejv\u011bt\u0161\u00edch-jadern\u00fdch-hav\u00e1ri\u00ed-\u010cernobyl-vs-Fuku\u0161ima.pdf\" target=\"_blank\" rel=\"noopener noreferrer\">Pdf form\u00e1t<\/a><\/p>\n<hr \/>\n<p><a href=\"https:\/\/veda.polac.cz\/?page_id=381\"><strong>Ke k\u00e1ze\u0148sk\u00e9 odpov\u011bdnosti p\u0159\u00edslu\u0161n\u00edk\u016f bezpe\u010dnostn\u00edch sbor\u016f\u00a0<\/strong><\/a><br \/>\nJUDr. Zden\u011bk Fiala, Ph.D.<br \/>\nFakulta bezpe\u010dnostn\u00edho managementu PA \u010cR v Praze Katedra ve\u0159ejn\u00e9 spr\u00e1vy<\/p>\n<p><a href=\"https:\/\/veda.polac.cz\/wp-content\/uploads\/2018\/11\/012017Ke-k\u00e1ze\u0148sk\u00e9-odpov\u011bdnosti-p\u0159\u00edslu\u0161n\u00edk\u016f-bezpe\u010dnostn\u00edch-sbor\u016f.pdf\" target=\"_blank\" rel=\"noopener noreferrer\">Pdf form\u00e1t<\/a><\/p>\n<hr \/>\n<p><a href=\"https:\/\/veda.polac.cz\/?page_id=383\"><strong>Vyhrocen\u00e9 n\u00e1sil\u00ed ve \u0161koln\u00edm prost\u0159ed\u00ed v N\u011bmecku jako pou\u010den\u00ed pro \u010ceskou republiku (\u010d\u00e1st 2)\u00a0<\/strong><\/a><br \/>\nMgr. Old\u0159ich Krul\u00edk, Ph.D., Fakulta bezpe\u010dnostn\u00edho managementu PA \u010cR v Praze Katedra krizov\u00e9ho \u0159\u00edzen\u00ed<\/p>\n<p><a href=\"https:\/\/veda.polac.cz\/wp-content\/uploads\/2018\/11\/012017Vyhrocen\u00e9-n\u00e1sil\u00ed-ve-\u0161koln\u00edm-prost\u0159ed\u00ed-v-N\u011bmecku-jako-pou\u010den\u00ed-pro-\u010ceskou-republiku-\u010d\u00e1st-2.pdf\" target=\"_blank\" rel=\"noopener noreferrer\">Pdf form\u00e1t<\/a><\/p>\n<hr \/>\n<p><strong>Vybran\u00e9 aspekty realizace psychologick\u00e9 p\u0159\u00edpravy specialist\u016f chemick\u00e9ho vojska Arm\u00e1dy \u010cesk\u00e9 republiky\u00a0<\/strong><br \/>\npplk. doc. Ing. Pavel Ot\u0159\u00edsal, Ph.D., MBA, Univerzita obrany<br \/>\n\u00dastav ochrany proti zbran\u00edm hromadn\u00e9ho ni\u010den\u00ed<\/p>\n<p><a href=\"https:\/\/veda.polac.cz\/wp-content\/uploads\/2018\/11\/012017Vybran\u00e9-aspekty-realizace-psychologick\u00e9-p\u0159\u00edpravy-specialist\u016f-chemick\u00e9ho-vojska-Arm\u00e1dy-\u010cesk\u00e9-republiky.pdf\" target=\"_blank\" rel=\"noopener noreferrer\">Pdf form\u00e1t<\/a><\/p>\n<hr \/>\n<p><strong>\u017deny ve v\u00fdkonu trestu odn\u011bt\u00ed svobody\u00a0<\/strong><br \/>\nMgr. Eva Biedermanov\u00e1, Institut pro kriminologii a soci\u00e1ln\u00ed prevenci<\/p>\n<p><a href=\"https:\/\/veda.polac.cz\/wp-content\/uploads\/2018\/11\/012017\u017deny-ve-v\u00fdkonu-trestu-odn\u011bt\u00ed-svobody.pdf\" target=\"_blank\" rel=\"noopener noreferrer\">Pdf form\u00e1t<\/a><\/p>\n<hr \/>\n<p><strong>Cvi\u010den\u00ed org\u00e1n\u016f krizov\u00e9ho \u0159\u00edzen\u00ed\u00a0<\/strong><br \/>\npplk. Ing. Hana Malachov\u00e1, Ph.D., Ing. Alena Oulehlov\u00e1, Ph.D.<br \/>\nUniverzita obrany, Brno, Katedra krizov\u00e9ho \u0159\u00edzen\u00ed<\/p>\n","protected":false},"excerpt":{"rendered":"<p>Euro 2016 z perspektivy sportovn\u00edch mega-ud\u00e1lost\u00ed: Iluz\u00ed bezpe\u010dnosti a z\u00e1bavy proti terorist\u016fm?\u00a0 Mgr. Vendula Divi\u0161ov\u00e1, Masarykova Univerzita, Brno, Fakulta soci\u00e1ln\u00edch studi\u00ed Pdf form\u00e1t Soci\u00e1ln\u00ed profil azylant\u016f a \u017eadatel\u016f o mezin\u00e1rodn\u00ed ochranu v \u010cesk\u00e9 republice\u00a0 Mgr. \u0160t\u011bp\u00e1n Strnad, PhD., Fakulta bezpe\u010dnostn\u00edho managementu PA \u010cR v Praze Katedra spole\u010densk\u00fdch v\u011bd Pdf form\u00e1t Syndrom vyho\u0159en\u00ed u oper\u00e1tor\u016f Telefonn\u00edho [&hellip;]<\/p>\n","protected":false},"author":6,"featured_media":0,"parent":231,"menu_order":6,"comment_status":"closed","ping_status":"closed","template":"","meta":{"footnotes":""},"class_list":["post-120","page","type-page","status-publish","hentry"],"_links":{"self":[{"href":"https:\/\/veda.polac.cz\/index.php?rest_route=\/wp\/v2\/pages\/120","targetHints":{"allow":["GET"]}}],"collection":[{"href":"https:\/\/veda.polac.cz\/index.php?rest_route=\/wp\/v2\/pages"}],"about":[{"href":"https:\/\/veda.polac.cz\/index.php?rest_route=\/wp\/v2\/types\/page"}],"author":[{"embeddable":true,"href":"https:\/\/veda.polac.cz\/index.php?rest_route=\/wp\/v2\/users\/6"}],"replies":[{"embeddable":true,"href":"https:\/\/veda.polac.cz\/index.php?rest_route=%2Fwp%2Fv2%2Fcomments&post=120"}],"version-history":[{"count":8,"href":"https:\/\/veda.polac.cz\/index.php?rest_route=\/wp\/v2\/pages\/120\/revisions"}],"predecessor-version":[{"id":5948,"href":"https:\/\/veda.polac.cz\/index.php?rest_route=\/wp\/v2\/pages\/120\/revisions\/5948"}],"up":[{"embeddable":true,"href":"https:\/\/veda.polac.cz\/index.php?rest_route=\/wp\/v2\/pages\/231"}],"wp:attachment":[{"href":"https:\/\/veda.polac.cz\/index.php?rest_route=%2Fwp%2Fv2%2Fmedia&parent=120"}],"curies":[{"name":"wp","href":"https:\/\/api.w.org\/{rel}","templated":true}]}}