{"id":1161,"date":"2018-09-14T00:49:00","date_gmt":"2018-09-14T00:49:00","guid":{"rendered":"http:\/\/veda.polac.cz\/?page_id=1161"},"modified":"2018-10-27T18:59:03","modified_gmt":"2018-10-27T18:59:03","slug":"8-2-2","status":"publish","type":"page","link":"https:\/\/veda.polac.cz\/?page_id=1161","title":{"rendered":""},"content":{"rendered":"<p style=\"text-align: center;\">Resum\u00e9 \u010dl\u00e1nky<\/p>\n<p><strong>Vznik, v\u00fdvoj a s\u00fa\u010dasn\u00fd stav organizovanej kriminality v Slovenskej republike<br \/>\n<\/strong><i>Mgr. \u0160tefan Zeman<\/p>\n<p><\/i>\u010cl\u00e1nok sa venuje formovaniu organizovanej kriminality v podmienkach Slovenskej republiky. Analyzuje objekt\u00edvne ako aj subjekt\u00edvne pr\u00ed\u010diny jej vzniku, rozober\u00e1 obdobie jej etablovania a stabiliz\u00e1cie, ako aj s\u00fa\u010dasn\u00fd stav organizovanej kriminality v SR, s prihliadnut\u00edm na najnov\u0161ie kvalitat\u00edvne a kvantitat\u00edvne ukazovatele.<br \/>\n\u010cl\u00e1nek obsahuje i zaj\u00edmav\u00e9 statistick\u00e9 \u00fadaje, kter\u00e9 mohou usnadnit orientaci v t\u00e9to problematice. Relevantn\u00ed v\u00fdzkum organizovan\u00e9ho zlo\u010dinu v\u0161ak v podm\u00ednk\u00e1ch Slovensk\u00e9 republiky neexistuje. Konkr\u00e9tn\u00ed statistick\u00e9 informace o t\u00e9to form\u011b trestn\u00e9 \u010dinnosti ve Slovensk\u00e9 republice jsou nedostupn\u00e9.<br \/>\n<strong>K\u013e\u00fa\u010dov\u00e9 slov\u00e1:<\/strong>\u00a0organizovan\u00e1 kriminalita, organizovan\u00fd zlo\u010din, organizovan\u00e1 skupina, zlo\u010dineck\u00e1 skupina, krimin\u00e1lne skupiny, latencia, zisk.<\/p>\n<p><a href=\"https:\/\/veda.polac.cz\/?page_id=1132\">02\/2012<\/a><\/p>\n<p>&nbsp;<\/p>\n","protected":false},"excerpt":{"rendered":"<p>Resum\u00e9 \u010dl\u00e1nky Vznik, v\u00fdvoj a s\u00fa\u010dasn\u00fd stav organizovanej kriminality v Slovenskej republike Mgr. \u0160tefan Zeman \u010cl\u00e1nok sa venuje formovaniu organizovanej kriminality v podmienkach Slovenskej republiky. Analyzuje objekt\u00edvne ako aj subjekt\u00edvne pr\u00ed\u010diny jej vzniku, rozober\u00e1 obdobie jej etablovania a stabiliz\u00e1cie, ako aj s\u00fa\u010dasn\u00fd stav organizovanej kriminality v SR, s prihliadnut\u00edm na najnov\u0161ie kvalitat\u00edvne a kvantitat\u00edvne ukazovatele. [&hellip;]<\/p>\n","protected":false},"author":2,"featured_media":0,"parent":0,"menu_order":8,"comment_status":"closed","ping_status":"closed","template":"","meta":{"footnotes":""},"class_list":["post-1161","page","type-page","status-publish","hentry"],"_links":{"self":[{"href":"https:\/\/veda.polac.cz\/index.php?rest_route=\/wp\/v2\/pages\/1161","targetHints":{"allow":["GET"]}}],"collection":[{"href":"https:\/\/veda.polac.cz\/index.php?rest_route=\/wp\/v2\/pages"}],"about":[{"href":"https:\/\/veda.polac.cz\/index.php?rest_route=\/wp\/v2\/types\/page"}],"author":[{"embeddable":true,"href":"https:\/\/veda.polac.cz\/index.php?rest_route=\/wp\/v2\/users\/2"}],"replies":[{"embeddable":true,"href":"https:\/\/veda.polac.cz\/index.php?rest_route=%2Fwp%2Fv2%2Fcomments&post=1161"}],"version-history":[{"count":2,"href":"https:\/\/veda.polac.cz\/index.php?rest_route=\/wp\/v2\/pages\/1161\/revisions"}],"predecessor-version":[{"id":1184,"href":"https:\/\/veda.polac.cz\/index.php?rest_route=\/wp\/v2\/pages\/1161\/revisions\/1184"}],"wp:attachment":[{"href":"https:\/\/veda.polac.cz\/index.php?rest_route=%2Fwp%2Fv2%2Fmedia&parent=1161"}],"curies":[{"name":"wp","href":"https:\/\/api.w.org\/{rel}","templated":true}]}}