{"id":1128,"date":"2018-09-14T00:17:51","date_gmt":"2018-09-14T00:17:51","guid":{"rendered":"http:\/\/veda.polac.cz\/?page_id=1128"},"modified":"2018-11-02T23:08:16","modified_gmt":"2018-11-02T23:08:16","slug":"11-2","status":"publish","type":"page","link":"https:\/\/veda.polac.cz\/?page_id=1128","title":{"rendered":""},"content":{"rendered":"<p style=\"text-align: center;\">Resum\u00e9 \u010dl\u00e1nku<\/p>\n<p align=\"justify\"><strong>Soukrom\u00e9 bezpe\u010dnostn\u00ed slu\u017eby v Pobalt\u00ed: Modely fungov\u00e1n\u00ed ve t\u0159ech mal\u00fdch st\u00e1tech Evropy (\u010d\u00e1st I)<\/strong><br \/>\n<em>Mgr. Old\u0159ich Krul\u00edk, Ph.D.<\/em><\/p>\n<p>Estonsko, Loty\u0161sko a Litva jsou st\u00e1ty, o jejich\u017e bezpe\u010dnostn\u00edm syst\u00e9mu v \u010cesk\u00e9 republice neexistuje p\u0159\u00edli\u0161 velk\u00e9 pov\u011bdom\u00ed. Jak v t\u011bchto zem\u00edch vypadaj\u00ed podm\u00ednky pro zaji\u0161\u0165ov\u00e1n\u00ed slu\u017eeb v oblasti soukrom\u00e9 bezpe\u010dnosti (soukrom\u00e9 bezpe\u010dnostn\u00ed slu\u017eby)? Jak\u00e9 jsou mantinely pro jejich podnik\u00e1n\u00ed a kter\u00fdm v\u00fdzv\u00e1m aktu\u00e1ln\u011b \u010del\u00ed? Na tyto ot\u00e1zky se sna\u017e\u00ed naj\u00edt odpov\u011b\u010f tento \u010dl\u00e1nek.<br \/>\n<strong>Kl\u00ed\u010dov\u00e1 slova:<\/strong>\u00a0Estonsko, Litva, Loty\u0161sko, nest\u00e1tn\u00ed bezpe\u010dnost, soukrom\u00e9 bezpe\u010d-nostn\u00ed slu\u017eby.<\/p>\n<p align=\"justify\"><a href=\"https:\/\/veda.polac.cz\/?page_id=1093\">03\/2012<\/a><\/p>\n<p>&nbsp;<\/p>\n","protected":false},"excerpt":{"rendered":"<p>Resum\u00e9 \u010dl\u00e1nku Soukrom\u00e9 bezpe\u010dnostn\u00ed slu\u017eby v Pobalt\u00ed: Modely fungov\u00e1n\u00ed ve t\u0159ech mal\u00fdch st\u00e1tech Evropy (\u010d\u00e1st I) Mgr. Old\u0159ich Krul\u00edk, Ph.D. Estonsko, Loty\u0161sko a Litva jsou st\u00e1ty, o jejich\u017e bezpe\u010dnostn\u00edm syst\u00e9mu v \u010cesk\u00e9 republice neexistuje p\u0159\u00edli\u0161 velk\u00e9 pov\u011bdom\u00ed. Jak v t\u011bchto zem\u00edch vypadaj\u00ed podm\u00ednky pro zaji\u0161\u0165ov\u00e1n\u00ed slu\u017eeb v oblasti soukrom\u00e9 bezpe\u010dnosti (soukrom\u00e9 bezpe\u010dnostn\u00ed slu\u017eby)? Jak\u00e9 jsou [&hellip;]<\/p>\n","protected":false},"author":2,"featured_media":0,"parent":1093,"menu_order":11,"comment_status":"closed","ping_status":"closed","template":"","meta":{"footnotes":""},"class_list":["post-1128","page","type-page","status-publish","hentry"],"_links":{"self":[{"href":"https:\/\/veda.polac.cz\/index.php?rest_route=\/wp\/v2\/pages\/1128","targetHints":{"allow":["GET"]}}],"collection":[{"href":"https:\/\/veda.polac.cz\/index.php?rest_route=\/wp\/v2\/pages"}],"about":[{"href":"https:\/\/veda.polac.cz\/index.php?rest_route=\/wp\/v2\/types\/page"}],"author":[{"embeddable":true,"href":"https:\/\/veda.polac.cz\/index.php?rest_route=\/wp\/v2\/users\/2"}],"replies":[{"embeddable":true,"href":"https:\/\/veda.polac.cz\/index.php?rest_route=%2Fwp%2Fv2%2Fcomments&post=1128"}],"version-history":[{"count":3,"href":"https:\/\/veda.polac.cz\/index.php?rest_route=\/wp\/v2\/pages\/1128\/revisions"}],"predecessor-version":[{"id":2158,"href":"https:\/\/veda.polac.cz\/index.php?rest_route=\/wp\/v2\/pages\/1128\/revisions\/2158"}],"up":[{"embeddable":true,"href":"https:\/\/veda.polac.cz\/index.php?rest_route=\/wp\/v2\/pages\/1093"}],"wp:attachment":[{"href":"https:\/\/veda.polac.cz\/index.php?rest_route=%2Fwp%2Fv2%2Fmedia&parent=1128"}],"curies":[{"name":"wp","href":"https:\/\/api.w.org\/{rel}","templated":true}]}}