{"id":1117,"date":"2018-09-14T00:12:42","date_gmt":"2018-09-14T00:12:42","guid":{"rendered":"http:\/\/veda.polac.cz\/?page_id=1117"},"modified":"2018-10-27T18:59:02","modified_gmt":"2018-10-27T18:59:02","slug":"6-2-2","status":"publish","type":"page","link":"https:\/\/veda.polac.cz\/?page_id=1117","title":{"rendered":""},"content":{"rendered":"<p style=\"text-align: center;\">Resum\u00e9 \u010dl\u00e1nku<\/p>\n<p align=\"justify\"><strong>Mo\u017enosti zaji\u0161\u0165ov\u00e1n\u00ed daktyloskopick\u00fdch stop z k\u016f\u017ee mrtvol<\/strong><br \/>\n<em>prof. PhDr. Ji\u0159\u00ed Straus, DrSc., JUDr. Franti\u0161ek D\u011bdi\u010d\u00edk<\/em><\/p>\n<p>Des\u00edtky let se kriminalisti\u010dt\u00ed experti ve spolupr\u00e1ci se soudn\u00edmi l\u00e9ka\u0159i sna\u017e\u00ed nal\u00e9zt metody a prost\u0159edky vhodn\u00e9 pro zaji\u0161t\u011bn\u00ed daktyloskopick\u00fdch stop na k\u016f\u017ei \u017eiv\u00e9 osoby nebo mrtvoly. Auto\u0159i \u010dl\u00e1nku p\u0159in\u00e1\u0161\u00ed p\u0159ehled nejfrekventovan\u011bj\u0161\u00edch metod, kter\u00e9 byly v literatu\u0159e pops\u00e1ny, a d\u00e1le k nim p\u0159id\u00e1vaj\u00ed v\u00fdsledky vlastn\u00edch experiment\u016f.<br \/>\n<strong>Kl\u00ed\u010dov\u00e1 slova:<\/strong>\u00a0Kriminalistika, daktyloskopie, mrtvoly, zaji\u0161t\u011bn\u00ed stop.<\/p>\n<p align=\"justify\"><a href=\"https:\/\/veda.polac.cz\/?page_id=1093\">03\/2012<\/a><\/p>\n<p>&nbsp;<\/p>\n","protected":false},"excerpt":{"rendered":"<p>Resum\u00e9 \u010dl\u00e1nku Mo\u017enosti zaji\u0161\u0165ov\u00e1n\u00ed daktyloskopick\u00fdch stop z k\u016f\u017ee mrtvol prof. PhDr. Ji\u0159\u00ed Straus, DrSc., JUDr. Franti\u0161ek D\u011bdi\u010d\u00edk Des\u00edtky let se kriminalisti\u010dt\u00ed experti ve spolupr\u00e1ci se soudn\u00edmi l\u00e9ka\u0159i sna\u017e\u00ed nal\u00e9zt metody a prost\u0159edky vhodn\u00e9 pro zaji\u0161t\u011bn\u00ed daktyloskopick\u00fdch stop na k\u016f\u017ei \u017eiv\u00e9 osoby nebo mrtvoly. Auto\u0159i \u010dl\u00e1nku p\u0159in\u00e1\u0161\u00ed p\u0159ehled nejfrekventovan\u011bj\u0161\u00edch metod, kter\u00e9 byly v literatu\u0159e pops\u00e1ny, a [&hellip;]<\/p>\n","protected":false},"author":2,"featured_media":0,"parent":0,"menu_order":6,"comment_status":"closed","ping_status":"closed","template":"","meta":{"footnotes":""},"class_list":["post-1117","page","type-page","status-publish","hentry"],"_links":{"self":[{"href":"https:\/\/veda.polac.cz\/index.php?rest_route=\/wp\/v2\/pages\/1117","targetHints":{"allow":["GET"]}}],"collection":[{"href":"https:\/\/veda.polac.cz\/index.php?rest_route=\/wp\/v2\/pages"}],"about":[{"href":"https:\/\/veda.polac.cz\/index.php?rest_route=\/wp\/v2\/types\/page"}],"author":[{"embeddable":true,"href":"https:\/\/veda.polac.cz\/index.php?rest_route=\/wp\/v2\/users\/2"}],"replies":[{"embeddable":true,"href":"https:\/\/veda.polac.cz\/index.php?rest_route=%2Fwp%2Fv2%2Fcomments&post=1117"}],"version-history":[{"count":2,"href":"https:\/\/veda.polac.cz\/index.php?rest_route=\/wp\/v2\/pages\/1117\/revisions"}],"predecessor-version":[{"id":1140,"href":"https:\/\/veda.polac.cz\/index.php?rest_route=\/wp\/v2\/pages\/1117\/revisions\/1140"}],"wp:attachment":[{"href":"https:\/\/veda.polac.cz\/index.php?rest_route=%2Fwp%2Fv2%2Fmedia&parent=1117"}],"curies":[{"name":"wp","href":"https:\/\/api.w.org\/{rel}","templated":true}]}}