{"id":1111,"date":"2018-09-14T00:09:53","date_gmt":"2018-09-14T00:09:53","guid":{"rendered":"http:\/\/veda.polac.cz\/?page_id=1111"},"modified":"2018-10-27T18:59:02","modified_gmt":"2018-10-27T18:59:02","slug":"3-2-3","status":"publish","type":"page","link":"https:\/\/veda.polac.cz\/?page_id=1111","title":{"rendered":""},"content":{"rendered":"<p style=\"text-align: center;\">Resum\u00e9 \u010dl\u00e1nku<\/p>\n<p align=\"justify\"><strong>Ohrozenia a bezpe\u010dnos\u0165 ob\u010danov Po\u013eska po\u010das kr\u00edzovej situ\u00e1cie &#8211; povode\u0148 v Bogatyni (2010). V\u00fdskumn\u00e1 spr\u00e1va.<\/strong><br \/>\n<em>Jacek Dworzecki PhD.<\/em><\/p>\n<p>Hlavn\u00fdm cie\u013eom \u010dl\u00e1nku je prezentova\u0165 spolo\u010densk\u00e9 hodnotenie efektivity syst\u00e9mu kr\u00edzov\u00e9ho riadenia v Po\u013esku na pr\u00edklade opatren\u00ed vykonan\u00fdch v auguste 2010 v s\u00favislosti so vznikom \u017eivelnej pohromy (povodne) na \u00fazem\u00ed juhoz\u00e1padn\u00e9ho Po\u013eska v meste Bogatynia (okres Zgorzelec). \u010ealej sa \u010dl\u00e1nok zaober\u00e1 problematikou pr\u00e1v \u010dloveka na bezpe\u010dn\u00fa existenciu, vymenov\u00e1va rozdelenie ohrozen\u00ed, opisuje (v skratke) s\u00fa\u010dasn\u00fd \u010dinn\u00fd po\u013esk\u00fd syst\u00e9m kr\u00edzov\u00e9ho riadenia a s\u00fa v \u0148om predstaven\u00e9 n\u00e1zory dom\u00e1cich expertov na vybran\u00e9 t\u00e9my z oblasti fungovania tohto syst\u00e9mu. V\u00fdskumn\u00e1 \u010das\u0165 \u010dl\u00e1nku obsahuje anal\u00fdzu inform\u00e1ci\u00ed z\u00edskan\u00fdch prostredn\u00edctvom realizovan\u00fdch v\u00fdskumn\u00fdch \u010dinnost\u00ed, v r\u00e1mci ktor\u00fdch bola pou\u017eit\u00e1 v\u00fdskumn\u00e1 technika anketovania. Ako v\u00fdskumn\u00fd n\u00e1stroj bol pou\u017eit\u00fd anketov\u00fd formul\u00e1r, ktor\u00fd vyplnilo 186 postihnut\u00fdch obyvate\u013eov mesta, kde sa odohrala katastrof\u00e1lna povode\u0148. Druhou pou\u017eitou v\u00fdskumnou technikou boli rozhovory, ktor\u00e9 boli vykonan\u00e9 v obdob\u00ed od augusta do okt\u00f3bra 2011 s tromi po\u013esk\u00fdmi expertmi zaoberaj\u00facimi sa problematikou kr\u00edzov\u00e9ho riadenia.<br \/>\n<strong>K\u013e\u00fa\u010dov\u00e9 slov\u00e1:<\/strong>\u00a0kr\u00edza, kr\u00edzova situ\u00e1cia, \u017eivelna pohroma, ohrozenie<\/p>\n<p align=\"justify\"><a href=\"https:\/\/veda.polac.cz\/?page_id=1093\">03\/2012<\/a><\/p>\n<p>&nbsp;<\/p>\n","protected":false},"excerpt":{"rendered":"<p>Resum\u00e9 \u010dl\u00e1nku Ohrozenia a bezpe\u010dnos\u0165 ob\u010danov Po\u013eska po\u010das kr\u00edzovej situ\u00e1cie &#8211; povode\u0148 v Bogatyni (2010). V\u00fdskumn\u00e1 spr\u00e1va. Jacek Dworzecki PhD. Hlavn\u00fdm cie\u013eom \u010dl\u00e1nku je prezentova\u0165 spolo\u010densk\u00e9 hodnotenie efektivity syst\u00e9mu kr\u00edzov\u00e9ho riadenia v Po\u013esku na pr\u00edklade opatren\u00ed vykonan\u00fdch v auguste 2010 v s\u00favislosti so vznikom \u017eivelnej pohromy (povodne) na \u00fazem\u00ed juhoz\u00e1padn\u00e9ho Po\u013eska v meste Bogatynia (okres [&hellip;]<\/p>\n","protected":false},"author":2,"featured_media":0,"parent":0,"menu_order":3,"comment_status":"closed","ping_status":"closed","template":"","meta":{"footnotes":""},"class_list":["post-1111","page","type-page","status-publish","hentry"],"_links":{"self":[{"href":"https:\/\/veda.polac.cz\/index.php?rest_route=\/wp\/v2\/pages\/1111","targetHints":{"allow":["GET"]}}],"collection":[{"href":"https:\/\/veda.polac.cz\/index.php?rest_route=\/wp\/v2\/pages"}],"about":[{"href":"https:\/\/veda.polac.cz\/index.php?rest_route=\/wp\/v2\/types\/page"}],"author":[{"embeddable":true,"href":"https:\/\/veda.polac.cz\/index.php?rest_route=\/wp\/v2\/users\/2"}],"replies":[{"embeddable":true,"href":"https:\/\/veda.polac.cz\/index.php?rest_route=%2Fwp%2Fv2%2Fcomments&post=1111"}],"version-history":[{"count":2,"href":"https:\/\/veda.polac.cz\/index.php?rest_route=\/wp\/v2\/pages\/1111\/revisions"}],"predecessor-version":[{"id":1137,"href":"https:\/\/veda.polac.cz\/index.php?rest_route=\/wp\/v2\/pages\/1111\/revisions\/1137"}],"wp:attachment":[{"href":"https:\/\/veda.polac.cz\/index.php?rest_route=%2Fwp%2Fv2%2Fmedia&parent=1111"}],"curies":[{"name":"wp","href":"https:\/\/api.w.org\/{rel}","templated":true}]}}