{"id":1109,"date":"2018-09-14T00:09:06","date_gmt":"2018-09-14T00:09:06","guid":{"rendered":"http:\/\/veda.polac.cz\/?page_id=1109"},"modified":"2018-11-02T22:19:30","modified_gmt":"2018-11-02T22:19:30","slug":"2-2-4","status":"publish","type":"page","link":"https:\/\/veda.polac.cz\/?page_id=1109","title":{"rendered":""},"content":{"rendered":"<p style=\"text-align: center;\">Resum\u00e9 \u010dl\u00e1nku<\/p>\n<p align=\"justify\"><strong>Vyu\u017eitie \u0161pecifick\u00fdch prostriedkov pri dokumentovan\u00ed korup\u010dn\u00fdch trestn\u00fdch \u010dinov (vedeck\u00e1 \u0161t\u00fadia)<\/strong><br \/>\n<em>JUDr. \u0160tefan Ko\u010dan, PhD.<\/em><\/p>\n<p>Sp\u00f4sob p\u00e1chania korup\u010dn\u00fdch trestn\u00fdch \u010dinov je rozdielny a z\u00e1visl\u00fd od mnoh\u00fdch objekt\u00edvnych a subjekt\u00edvnych faktorov, ktor\u00e9 zni\u017euj\u00fa alebo zvy\u0161uj\u00fa mo\u017enosti odhalenia, zis\u0165ovania a usved\u010dovania ich p\u00e1chate\u013eov. Odhalenie korup\u010dn\u00fdch trestn\u00fdch \u010dinov a usved\u010dovanie ich p\u00e1chate\u013eov m\u00f4\u017ee by\u0165 ve\u013emi jednoduch\u00e9, ale aj nesmierne zlo\u017eit\u00e9. V\u00fdskum, ktor\u00fd bol vykonan\u00fd v r\u00e1mci vedeckej monografie a ktor\u00fd bol spracovan\u00fd, ako vedeck\u00e1 \u0161t\u00fadia, n\u00e1m mal uk\u00e1za\u0165 \u010fal\u0161ie mo\u017enosti vyu\u017eitia \u0161pecifick\u00fdch prostriedkov pri vy\u0161etrovan\u00ed a dokazovan\u00ed korup\u010dn\u00fdch trestn\u00fdch \u010dinov.<br \/>\n<strong>K\u013e\u00fa\u010dov\u00e9 slova:<\/strong>\u00a0korupcia, trestn\u00fd \u010din, vy\u0161etrovate\u013e, prokur\u00e1tor.<\/p>\n<p align=\"justify\"><a href=\"https:\/\/veda.polac.cz\/?page_id=1093\">03\/2012<\/a><\/p>\n<p>&nbsp;<\/p>\n","protected":false},"excerpt":{"rendered":"<p>Resum\u00e9 \u010dl\u00e1nku Vyu\u017eitie \u0161pecifick\u00fdch prostriedkov pri dokumentovan\u00ed korup\u010dn\u00fdch trestn\u00fdch \u010dinov (vedeck\u00e1 \u0161t\u00fadia) JUDr. \u0160tefan Ko\u010dan, PhD. Sp\u00f4sob p\u00e1chania korup\u010dn\u00fdch trestn\u00fdch \u010dinov je rozdielny a z\u00e1visl\u00fd od mnoh\u00fdch objekt\u00edvnych a subjekt\u00edvnych faktorov, ktor\u00e9 zni\u017euj\u00fa alebo zvy\u0161uj\u00fa mo\u017enosti odhalenia, zis\u0165ovania a usved\u010dovania ich p\u00e1chate\u013eov. Odhalenie korup\u010dn\u00fdch trestn\u00fdch \u010dinov a usved\u010dovanie ich p\u00e1chate\u013eov m\u00f4\u017ee by\u0165 ve\u013emi jednoduch\u00e9, ale [&hellip;]<\/p>\n","protected":false},"author":2,"featured_media":0,"parent":1093,"menu_order":2,"comment_status":"closed","ping_status":"closed","template":"","meta":{"footnotes":""},"class_list":["post-1109","page","type-page","status-publish","hentry"],"_links":{"self":[{"href":"https:\/\/veda.polac.cz\/index.php?rest_route=\/wp\/v2\/pages\/1109","targetHints":{"allow":["GET"]}}],"collection":[{"href":"https:\/\/veda.polac.cz\/index.php?rest_route=\/wp\/v2\/pages"}],"about":[{"href":"https:\/\/veda.polac.cz\/index.php?rest_route=\/wp\/v2\/types\/page"}],"author":[{"embeddable":true,"href":"https:\/\/veda.polac.cz\/index.php?rest_route=\/wp\/v2\/users\/2"}],"replies":[{"embeddable":true,"href":"https:\/\/veda.polac.cz\/index.php?rest_route=%2Fwp%2Fv2%2Fcomments&post=1109"}],"version-history":[{"count":3,"href":"https:\/\/veda.polac.cz\/index.php?rest_route=\/wp\/v2\/pages\/1109\/revisions"}],"predecessor-version":[{"id":2145,"href":"https:\/\/veda.polac.cz\/index.php?rest_route=\/wp\/v2\/pages\/1109\/revisions\/2145"}],"up":[{"embeddable":true,"href":"https:\/\/veda.polac.cz\/index.php?rest_route=\/wp\/v2\/pages\/1093"}],"wp:attachment":[{"href":"https:\/\/veda.polac.cz\/index.php?rest_route=%2Fwp%2Fv2%2Fmedia&parent=1109"}],"curies":[{"name":"wp","href":"https:\/\/api.w.org\/{rel}","templated":true}]}}