{"id":1093,"date":"2018-09-14T00:05:05","date_gmt":"2018-09-14T00:05:05","guid":{"rendered":"http:\/\/veda.polac.cz\/?page_id=1093"},"modified":"2019-04-18T10:44:26","modified_gmt":"2019-04-18T10:44:26","slug":"03-2012","status":"publish","type":"page","link":"https:\/\/veda.polac.cz\/?page_id=1093","title":{"rendered":"03\/2012"},"content":{"rendered":"<p><a href=\"https:\/\/veda.polac.cz\/?page_id=1095\"><strong>Dal\u0161\u00ed rozvoj celo\u017eivotn\u00edho vzd\u011bl\u00e1v\u00e1n\u00ed policist\u016f na Policejn\u00ed akademii \u010cesk\u00e9 republiky v Praze\u00a0<\/strong><\/a><br \/>\nBc. Dr. J\u00e1n \u0160ug\u00e1r, CSc.<\/p>\n<hr \/>\n<p><a href=\"https:\/\/veda.polac.cz\/?page_id=1109\"><strong>Vyu\u017eitie \u0161pecifick\u00fdch prostriedkov pri dokumentovan\u00ed korup\u010dn\u00fdch trestn\u00fdch \u010dinov (vedeck\u00e1 \u0161t\u00fadia)\u00a0<\/strong><\/a><br \/>\nJUDr. \u0160tefan Ko\u010dan, PhD.<\/p>\n<hr \/>\n<p><a href=\"https:\/\/veda.polac.cz\/?page_id=1111\"><strong>Ohrozenia a bezpe\u010dnos\u0165 ob\u010danov Po\u013eska po\u010das kr\u00edzovej situ\u00e1cie &#8211; povode\u0148 v Bogatyni 2010. V\u00fdskumn\u00e1 spr\u00e1va.<\/strong><\/a><br \/>\nJacek Dworzecki, PhD.<\/p>\n<hr \/>\n<p><a href=\"https:\/\/veda.polac.cz\/?page_id=1113\"><strong>V\u00fdznam a p\u0159\u00ednos Kongres\u016f OSN o prevenci kriminality a trestn\u00ed justici\u00a0<\/strong><\/a><br \/>\npplk. Mgr. Barbora Vegrichtov\u00e1, MBA<\/p>\n<hr \/>\n<p><a href=\"https:\/\/veda.polac.cz\/?page_id=1115\"><strong>Pot\u0159ebuje \u010cesk\u00e1 republika z\u00e1kon o prevenci kriminality?\u00a0<\/strong><\/a><br \/>\nJUDr. Roman Svato\u0161, Ph.D.<\/p>\n<hr \/>\n<p><a href=\"https:\/\/veda.polac.cz\/?page_id=1117\"><strong>Mo\u017enosti zaji\u0161\u0165ov\u00e1n\u00ed daktyloskopick\u00fdch stop z k\u016f\u017ee mrtvol\u00a0<\/strong><\/a><br \/>\nprof. PhDr. Ji\u0159\u00ed Straus, DrSc., JUDr. Franti\u0161ek D\u011bdi\u010d\u00edk<\/p>\n<hr \/>\n<p><a href=\"https:\/\/veda.polac.cz\/?page_id=1119\"><strong>N\u011bkolik pozn\u00e1mek k postupu p\u0159ed zah\u00e1jen\u00edm spr\u00e1vn\u00edho \u0159\u00edzen\u00ed\u00a0<\/strong><\/a><br \/>\ndoc. JUDr. Eva Horzinkov\u00e1, Ph.D.<\/p>\n<hr \/>\n<p><a href=\"https:\/\/veda.polac.cz\/?page_id=1121\"><strong>Kolektivn\u00ed n\u00e1sil\u00ed: teorie a praxe\u00a0<\/strong><\/a><br \/>\nPhDr. Josef Smol\u00edk, Ph.D., Mgr. et Mgr. Kate\u0159ina Tvrd\u00e1<\/p>\n<hr \/>\n<p><a href=\"https:\/\/veda.polac.cz\/?page_id=1124\"><strong>Teorie emisn\u00ed bezpe\u010dnosti<\/strong><\/a><br \/>\nIng. et Ing. Kate\u0159ina Sulovsk\u00e1, doc. Mgr. Milan Ad\u00e1mek, Ph.D.<\/p>\n<hr \/>\n<p><a href=\"https:\/\/veda.polac.cz\/?page_id=1126\"><strong>Drobn\u00e1 kriminalita a jej\u00ed p\u016fsoben\u00ed na image obchodn\u00edka\u00a0<\/strong><\/a><br \/>\nIng. Pavel Kulf\u00e1nek<\/p>\n<hr \/>\n<p><a href=\"https:\/\/veda.polac.cz\/?page_id=1128\"><strong>Soukrom\u00e9 bezpe\u010dnostn\u00ed slu\u017eby v Pobalt\u00ed: Modely fungov\u00e1n\u00ed ve t\u0159ech mal\u00fdch st\u00e1tech Evropy (\u010d\u00e1st I)\u00a0<\/strong><\/a><br \/>\nMgr. Old\u0159ich Krul\u00edk, Ph.D.<\/p>\n<hr \/>\n<p><strong>Mezin\u00e1rodn\u00ed t\u00fdden v r\u00e1mci Policejn\u00ed akademie Doln\u00ed Sasko\u00a0<\/strong><br \/>\nMgr. Old\u0159ich Krul\u00edk, Ph.D.<\/p>\n<hr \/>\n<p><strong>Recenze publikace &#8222;Ochrana kritick\u00e9 infrastruktury&#8220;\u00a0<\/strong><br \/>\nMgr. Jaroslava Nov\u00e1kov\u00e1, Mgr. Old\u0159ich Krul\u00edk, Ph.D.<\/p>\n<hr \/>\n<p><strong>Recenze publikace &#8222;\u0158\u00edzen\u00ed lidsk\u00fdch zdroj\u016f &#8220;\u00a0<\/strong><br \/>\nMgr. Anton\u00edn Slab\u00fd, Ph.D.<\/p>\n<hr \/>\n<p><a href=\"https:\/\/veda.polac.cz\/?page_id=235\">Zp\u011bt<\/a><\/p>\n","protected":false},"excerpt":{"rendered":"<p>Dal\u0161\u00ed rozvoj celo\u017eivotn\u00edho vzd\u011bl\u00e1v\u00e1n\u00ed policist\u016f na Policejn\u00ed akademii \u010cesk\u00e9 republiky v Praze\u00a0 Bc. Dr. J\u00e1n \u0160ug\u00e1r, CSc. Vyu\u017eitie \u0161pecifick\u00fdch prostriedkov pri dokumentovan\u00ed korup\u010dn\u00fdch trestn\u00fdch \u010dinov (vedeck\u00e1 \u0161t\u00fadia)\u00a0 JUDr. \u0160tefan Ko\u010dan, PhD. Ohrozenia a bezpe\u010dnos\u0165 ob\u010danov Po\u013eska po\u010das kr\u00edzovej situ\u00e1cie &#8211; povode\u0148 v Bogatyni 2010. V\u00fdskumn\u00e1 spr\u00e1va. Jacek Dworzecki, PhD. V\u00fdznam a p\u0159\u00ednos Kongres\u016f OSN o [&hellip;]<\/p>\n","protected":false},"author":2,"featured_media":0,"parent":235,"menu_order":19,"comment_status":"closed","ping_status":"closed","template":"","meta":{"footnotes":""},"class_list":["post-1093","page","type-page","status-publish","hentry"],"_links":{"self":[{"href":"https:\/\/veda.polac.cz\/index.php?rest_route=\/wp\/v2\/pages\/1093","targetHints":{"allow":["GET"]}}],"collection":[{"href":"https:\/\/veda.polac.cz\/index.php?rest_route=\/wp\/v2\/pages"}],"about":[{"href":"https:\/\/veda.polac.cz\/index.php?rest_route=\/wp\/v2\/types\/page"}],"author":[{"embeddable":true,"href":"https:\/\/veda.polac.cz\/index.php?rest_route=\/wp\/v2\/users\/2"}],"replies":[{"embeddable":true,"href":"https:\/\/veda.polac.cz\/index.php?rest_route=%2Fwp%2Fv2%2Fcomments&post=1093"}],"version-history":[{"count":3,"href":"https:\/\/veda.polac.cz\/index.php?rest_route=\/wp\/v2\/pages\/1093\/revisions"}],"predecessor-version":[{"id":2627,"href":"https:\/\/veda.polac.cz\/index.php?rest_route=\/wp\/v2\/pages\/1093\/revisions\/2627"}],"up":[{"embeddable":true,"href":"https:\/\/veda.polac.cz\/index.php?rest_route=\/wp\/v2\/pages\/235"}],"wp:attachment":[{"href":"https:\/\/veda.polac.cz\/index.php?rest_route=%2Fwp%2Fv2%2Fmedia&parent=1093"}],"curies":[{"name":"wp","href":"https:\/\/api.w.org\/{rel}","templated":true}]}}