{"id":1032,"date":"2018-09-13T22:53:46","date_gmt":"2018-09-13T22:53:46","guid":{"rendered":"http:\/\/veda.polac.cz\/?page_id=1032"},"modified":"2018-10-27T18:56:26","modified_gmt":"2018-10-27T18:56:26","slug":"11-2","status":"publish","type":"page","link":"https:\/\/veda.polac.cz\/?page_id=1032","title":{"rendered":""},"content":{"rendered":"<p style=\"text-align: center;\">Resum\u00e9 \u010dl\u00e1nku<\/p>\n<p><strong>Sc\u00e9n\u00e1\u0159e &#8211; mana\u017eersk\u00fd n\u00e1stroj pro turbulentn\u00ed dobu<br \/>\n<\/strong><i>Ing. Stanislav Burian, Ph.D.<\/p>\n<p><\/i>Tento p\u0159\u00edsp\u011bvek pojedn\u00e1v\u00e1 o problematice vymezen\u00ed sc\u00e9n\u00e1\u0159\u016f, kter\u00e9 mohou plnit \u00falohu modern\u00edho n\u00e1stroje u\u017e\u00edvan\u00e9ho pro pot\u0159eby formulov\u00e1n\u00ed vhodn\u00fdch rozhodnut\u00ed managementu. Sc\u00e9n\u00e1\u0159e jsou v n\u011bm vymezeny v\u016f\u010di standardn\u00edm mana\u017eersk\u00fdm analytick\u00fdm n\u00e1stroj\u016fm, a to jako specifick\u00fd n\u00e1stroj umo\u017e\u0148uj\u00edc\u00ed variantn\u00ed p\u0159\u00edstup k nejist\u00e9mu budouc\u00edmu v\u00fdvoji. Zvl\u00e1\u0161tn\u00ed d\u016fraz je kladen na ur\u010den\u00ed obecn\u00fdch z\u00e1sad spr\u00e1vn\u00e9ho vyu\u017e\u00edv\u00e1n\u00ed sc\u00e9n\u00e1\u0159\u016f jako podkladu pro strategick\u00e9 \u0159\u00edzen\u00ed, jako\u017e i na postihnut\u00ed metodiky jejich tvorby.<br \/>\nKl\u00ed\u010dov\u00e1 slova: Budoucnost, facilit\u00e1tor, nejistota, sc\u00e9n\u00e1\u0159e, scenario planning, tvorba sc\u00e9n\u00e1\u0159\u016f.\u00a0<i><br \/>\n<\/i><\/p>\n<p><a href=\"https:\/\/veda.polac.cz\/?page_id=1009\">01\/2013<\/a><\/p>\n","protected":false},"excerpt":{"rendered":"<p>Resum\u00e9 \u010dl\u00e1nku Sc\u00e9n\u00e1\u0159e &#8211; mana\u017eersk\u00fd n\u00e1stroj pro turbulentn\u00ed dobu Ing. Stanislav Burian, Ph.D. Tento p\u0159\u00edsp\u011bvek pojedn\u00e1v\u00e1 o problematice vymezen\u00ed sc\u00e9n\u00e1\u0159\u016f, kter\u00e9 mohou plnit \u00falohu modern\u00edho n\u00e1stroje u\u017e\u00edvan\u00e9ho pro pot\u0159eby formulov\u00e1n\u00ed vhodn\u00fdch rozhodnut\u00ed managementu. Sc\u00e9n\u00e1\u0159e jsou v n\u011bm vymezeny v\u016f\u010di standardn\u00edm mana\u017eersk\u00fdm analytick\u00fdm n\u00e1stroj\u016fm, a to jako specifick\u00fd n\u00e1stroj umo\u017e\u0148uj\u00edc\u00ed variantn\u00ed p\u0159\u00edstup k nejist\u00e9mu budouc\u00edmu v\u00fdvoji. [&hellip;]<\/p>\n","protected":false},"author":2,"featured_media":0,"parent":1009,"menu_order":11,"comment_status":"closed","ping_status":"closed","template":"","meta":{"footnotes":""},"class_list":["post-1032","page","type-page","status-publish","hentry"],"_links":{"self":[{"href":"https:\/\/veda.polac.cz\/index.php?rest_route=\/wp\/v2\/pages\/1032","targetHints":{"allow":["GET"]}}],"collection":[{"href":"https:\/\/veda.polac.cz\/index.php?rest_route=\/wp\/v2\/pages"}],"about":[{"href":"https:\/\/veda.polac.cz\/index.php?rest_route=\/wp\/v2\/types\/page"}],"author":[{"embeddable":true,"href":"https:\/\/veda.polac.cz\/index.php?rest_route=\/wp\/v2\/users\/2"}],"replies":[{"embeddable":true,"href":"https:\/\/veda.polac.cz\/index.php?rest_route=%2Fwp%2Fv2%2Fcomments&post=1032"}],"version-history":[{"count":2,"href":"https:\/\/veda.polac.cz\/index.php?rest_route=\/wp\/v2\/pages\/1032\/revisions"}],"predecessor-version":[{"id":1047,"href":"https:\/\/veda.polac.cz\/index.php?rest_route=\/wp\/v2\/pages\/1032\/revisions\/1047"}],"up":[{"embeddable":true,"href":"https:\/\/veda.polac.cz\/index.php?rest_route=\/wp\/v2\/pages\/1009"}],"wp:attachment":[{"href":"https:\/\/veda.polac.cz\/index.php?rest_route=%2Fwp%2Fv2%2Fmedia&parent=1032"}],"curies":[{"name":"wp","href":"https:\/\/api.w.org\/{rel}","templated":true}]}}