{"id":1018,"date":"2018-09-13T22:45:59","date_gmt":"2018-09-13T22:45:59","guid":{"rendered":"http:\/\/veda.polac.cz\/?page_id=1018"},"modified":"2018-10-27T18:56:25","modified_gmt":"2018-10-27T18:56:25","slug":"4-2","status":"publish","type":"page","link":"https:\/\/veda.polac.cz\/?page_id=1018","title":{"rendered":""},"content":{"rendered":"<p style=\"text-align: center;\">Resum\u00e9 \u010d\u00edslo<\/p>\n<p><strong>Vyhled\u00e1v\u00e1n\u00ed z\u00e1jmov\u00fdch pravicov\u011b extremistick\u00fdch str\u00e1nek v s\u00edti internet<br \/>\n<\/strong><i>kpt. Mgr. Luk\u00e1\u0161 Vil\u00edm<\/p>\n<p><\/i>\u010cl\u00e1nek pojedn\u00e1v\u00e1 o vyu\u017e\u00edv\u00e1n\u00ed nejroz\u0161\u00ed\u0159en\u011bj\u0161\u00edho internetov\u00e9ho vyhled\u00e1va\u010de k lokalizaci z\u00e1vadov\u00fdch pravicov\u011b extremistick\u00fdch str\u00e1nek na internetu. Autor se v\u011bnuje ot\u00e1zce vyu\u017eit\u00ed vyhled\u00e1va\u010de google k policejn\u00edm \u00fa\u010del\u016fm za pou\u017eit\u00ed specifick\u00fdch syntax\u00ed a indexace p\u0159i vyhled\u00e1v\u00e1n\u00ed pravicov\u011b extremistick\u00fdch str\u00e1nek.<br \/>\nKl\u00ed\u010dov\u00e1 slova: pravicov\u00fd extremismus, google, indexace, policejn\u00ed org\u00e1n, internet.<\/p>\n<p><a href=\"https:\/\/veda.polac.cz\/?page_id=1009\">01\/2013<\/a><\/p>\n","protected":false},"excerpt":{"rendered":"<p>Resum\u00e9 \u010d\u00edslo Vyhled\u00e1v\u00e1n\u00ed z\u00e1jmov\u00fdch pravicov\u011b extremistick\u00fdch str\u00e1nek v s\u00edti internet kpt. Mgr. Luk\u00e1\u0161 Vil\u00edm \u010cl\u00e1nek pojedn\u00e1v\u00e1 o vyu\u017e\u00edv\u00e1n\u00ed nejroz\u0161\u00ed\u0159en\u011bj\u0161\u00edho internetov\u00e9ho vyhled\u00e1va\u010de k lokalizaci z\u00e1vadov\u00fdch pravicov\u011b extremistick\u00fdch str\u00e1nek na internetu. Autor se v\u011bnuje ot\u00e1zce vyu\u017eit\u00ed vyhled\u00e1va\u010de google k policejn\u00edm \u00fa\u010del\u016fm za pou\u017eit\u00ed specifick\u00fdch syntax\u00ed a indexace p\u0159i vyhled\u00e1v\u00e1n\u00ed pravicov\u011b extremistick\u00fdch str\u00e1nek. Kl\u00ed\u010dov\u00e1 slova: pravicov\u00fd extremismus, google, [&hellip;]<\/p>\n","protected":false},"author":2,"featured_media":0,"parent":1009,"menu_order":4,"comment_status":"closed","ping_status":"closed","template":"","meta":{"footnotes":""},"class_list":["post-1018","page","type-page","status-publish","hentry"],"_links":{"self":[{"href":"https:\/\/veda.polac.cz\/index.php?rest_route=\/wp\/v2\/pages\/1018","targetHints":{"allow":["GET"]}}],"collection":[{"href":"https:\/\/veda.polac.cz\/index.php?rest_route=\/wp\/v2\/pages"}],"about":[{"href":"https:\/\/veda.polac.cz\/index.php?rest_route=\/wp\/v2\/types\/page"}],"author":[{"embeddable":true,"href":"https:\/\/veda.polac.cz\/index.php?rest_route=\/wp\/v2\/users\/2"}],"replies":[{"embeddable":true,"href":"https:\/\/veda.polac.cz\/index.php?rest_route=%2Fwp%2Fv2%2Fcomments&post=1018"}],"version-history":[{"count":2,"href":"https:\/\/veda.polac.cz\/index.php?rest_route=\/wp\/v2\/pages\/1018\/revisions"}],"predecessor-version":[{"id":1040,"href":"https:\/\/veda.polac.cz\/index.php?rest_route=\/wp\/v2\/pages\/1018\/revisions\/1040"}],"up":[{"embeddable":true,"href":"https:\/\/veda.polac.cz\/index.php?rest_route=\/wp\/v2\/pages\/1009"}],"wp:attachment":[{"href":"https:\/\/veda.polac.cz\/index.php?rest_route=%2Fwp%2Fv2%2Fmedia&parent=1018"}],"curies":[{"name":"wp","href":"https:\/\/api.w.org\/{rel}","templated":true}]}}